 g. List the prime factors of x.
2, 199
Let i(j) = -16*j + 18. Let o be i(1). Suppose 0 = -o*n + 865 - 249. List the prime factors of n.
2, 7, 11
Let q = 7934 - 5716. List the prime factors of q.
2, 1109
Suppose -3*x = -0*x - 96. Let w be (x - 2) + (2 + -4)/1. Suppose 82 = 2*r - w. List the prime factors of r.
5, 11
What are the prime factors of 2818/(6/(71 - 5))?
2, 11, 1409
Let o be (5 - -196)*(-20)/(-18)*12. Let j = 3970 - o. List the prime factors of j.
2, 3, 5, 43
Let n = 13 - 11. Suppose -n*x - 10 = -5*g - 7*x, -3*g - 2*x = -6. Suppose -3*w + g*p = -3*p - 355, 0 = p - 4. List the prime factors of w.
5
What are the prime factors of (-84 - 0)*14*19/(-152)?
3, 7
Let v = -2848 + 13087. List the prime factors of v.
3, 3413
Suppose 2*b + y + 2819 = 0, 4*y = -5*b - 0*y - 7049. Let r = b - -2798. List the prime factors of r.
3, 463
Let y be 151/6 - 3/18. Suppose -k - 4*t = 14, -t + y + 0 = 5*k. List the prime factors of (-1324)/(-28) + k/(-21).
47
What are the prime factors of (6 + 10339)/((-65)/(-26))?
2, 2069
Let l = 11525 - 2583. List the prime factors of l.
2, 17, 263
Suppose 2*x - 48860 = 2*h, 2*x - 49*h = -46*h + 48862. List the prime factors of x.
2, 31, 197
Let c(l) = 2*l. Let w be c(0). Suppose w = 8*j - 23*j + 11490. What are the prime factors of j?
2, 383
Let x(f) = 4*f**2 + 15*f + 14. Let o be x(-2). Suppose -4*n + 599 + 4761 = o. List the prime factors of n.
2, 5, 67
Suppose -3*n = 4*v - 18940, -17295 = -4*v - 4*n + 1645. What are the prime factors of v?
5, 947
Suppose -2362766 = -178*z + 2079402. List the prime factors of z.
2, 17, 367
Suppose 4*a - 3 - 1 = 3*z, -3 = -z - 3*a. List the prime factors of 55 - (1 + z - (11 + -12)).
53
Let w be -8 + 8 + 3/(-3). Let j be (w - 2) + 8 + -26. Let z = -15 - j. List the prime factors of z.
2, 3
Suppose 15*w = -16*w + 30628. Suppose w = 2*y + o, -3*o = 4*y - 4*o - 1964. List the prime factors of y.
2, 3, 41
Suppose 21 = -3*f, -331*p - 2*f = -332*p + 37415. What are the prime factors of p?
3, 7, 13, 137
Let x = 85 + 0. Let m = 37 - 41. Let d = x - m. What are the prime factors of d?
89
Let r(n) = 12*n + 36. Let y(d) = -3*d - 9. Let v(w) = -4*r(w) - 18*y(w). Let h(l) = 12*l + 37. Let s(q) = -3*h(q) + 7*v(q). What are the prime factors of s(5)?
3, 5
Suppose -25*d - 2*d = -297. Suppose 0 = d*c - 23*c + 2208. List the prime factors of c.
2, 23
Let a be 4/(-10) - 1822/(-5). Suppose 0 = -6*u + a - 286. What are the prime factors of u?
13
Let a(h) = h**3 + 7*h**2 + 19*h + 49. Let x be a(-5). Let l be 1/4 + (-1341)/(-12). Suppose 212 + l = x*q. What are the prime factors of q?
3
Let m be (-108)/(-144) + (-1513)/(-4). Suppose 4*r = -v + m, 7*v + 782 = 9*v + 2*r. List the prime factors of v.
5, 79
Suppose 25*w = -13*w + 49042 + 75560. What are the prime factors of w?
3, 1093
Suppose 2 = -5*d + 57. Let i = 15 - d. Suppose -4*u - 28 + 0 = -i*v, 3*v + 5*u = 45. What are the prime factors of v?
2, 5
Let k = 133149 - 79058. List the prime factors of k.
54091
Let i(w) = w**3 - 7*w**2 + 8*w + 4. Let b be i(4). What are the prime factors of 74*(5 + 54/b)?
37
Suppose 4*v - 5*k - 109738 = 628, -137968 = -5*v + k. List the prime factors of v.
2, 3, 7, 73
Let o(k) = k**3 + 46*k**2 - 57*k - 38. Suppose 635 = -17*n - 164. List the prime factors of o(n).
2, 3
Let f(j) be the third derivative of -j**7/1008 - 17*j**6/360 + j**5/4 - 2*j**2. Let a(x) be the third derivative of f(x). What are the prime factors of a(-16)?
2, 23
Suppose -2*f = b - 965 - 9655, 3*f - 42445 = -4*b. List the prime factors of b.
2, 5303
Let k(b) = -25*b - 25. Let y(z) = -26*z - 23. Let o(t) = 5*k(t) - 4*y(t). What are the prime factors of o(-13)?
2, 3, 5
Let y = 568 + -569. List the prime factors of (-1)/(-2)*y*(-2475 + -1).
2, 619
Suppose -4*r + 24 = 0, -5596 - 8762 = -3*t - 2*r. List the prime factors of t.
2, 3, 797
Suppose 20*t = 7*t + 338. Let d = 12 + t. Let j = d - 9. What are the prime factors of j?
29
Suppose 39*p - 591077 - 598654 = 354006. What are the prime factors of p?
23, 1721
Suppose -2*o = o - 36. Let a be 45/o*(5 + -1). Suppose -a*n - 68 = -17*n. List the prime factors of n.
2, 17
Let q be (-2)/(-6) - (30/9 + -3). Let k be ((q - 1)/2)/(5/(-17310)). Suppose 0 = 13*h - k - 908. What are the prime factors of h?
7, 29
Let n be (10/(-1) + 2)/2. Let u be n/(-6)*-1*120. Let k = 161 + u. List the prime factors of k.
3
Suppose 56*t - 44226 = 26502. List the prime factors of t.
3, 421
Suppose -14038 = 3*s - 2*k, 2*k - 23402 = -3*s + 8*s. Let p = -3151 - s. What are the prime factors of p?
1531
Suppose -2*p + 4*r = -1430, -p + 4*r + 716 = r. Suppose 0 = f - 3*j - 136, -5*f - j + 5*j = -p. List the prime factors of f.
5, 29
Let c(v) = -3*v**2 - 67*v + 32. Let o(l) = -9*l**2 - 202*l + 94. Let g(i) = 11*c(i) - 4*o(i). What are the prime factors of g(12)?
2, 3, 5, 7
Let z(a) = -3373*a - 4934. What are the prime factors of z(-11)?
3, 10723
Suppose -83182 = 155*w + 172*w - 349*w. What are the prime factors of w?
19, 199
Let y(b) = 37*b + 11. Let z = 1 - 85. Let g = 90 + z. List the prime factors of y(g).
233
Let c(y) = 499*y + 907. List the prime factors of c(21).
2, 5693
Let r be (-10)/(-4) + (-2)/4. Suppose 2*a + 4*n - 1652 = 0, -a - r*n + 814 = -4*n. List the prime factors of a.
2, 5, 41
Let f(x) = x**2 - 45*x + 54. Let y be f(25). What are the prime factors of y/(2*(-4 - -3))?
223
Suppose 4*u + u + 3*z - 10081 = 0, 4*z = 8. Suppose 26*k = 2587 + u. What are the prime factors of k?
3, 59
Suppose 143 = 23*h + 28. Let a = 0 + 7. Suppose 93 = h*u - a. List the prime factors of u.
2, 5
Let k(q) = 314*q**2 + 71*q + 634. What are the prime factors of k(-9)?
59, 431
Let s(a) = -a**2 + a + 1. Let x be s(0). Let d be (-2 + 1 + x)*-1. Suppose -5*j + d*j + 160 = -4*v, 3*j - 64 = -4*v. What are the prime factors of j?
2, 7
Let m(s) = 23*s**2 + 4*s + 5. Let y be m(-1). What are the prime factors of -2 + 8613/12 + 6/y?
2, 179
Let p(y) = 405*y - 112. What are the prime factors of p(10)?
2, 11, 179
Let v(w) = 126 - 6*w + 134 - 220. List the prime factors of v(-15).
2, 5, 13
Let y(b) = 14*b**2 - 4*b - 215. List the prime factors of y(16).
5, 661
Let r(j) = 10 + 14*j + 5*j + 10*j. List the prime factors of r(8).
2, 11
Let m = -3762 + 5427. List the prime factors of m.
3, 5, 37
Suppose 2*z + 23*q - 28*q = 47639, 3*q + 119088 = 5*z. List the prime factors of z.
3, 17, 467
Let h be (3 - -2) + 1 + 0. Suppose 4*b = h*b - 84. What are the prime factors of (b/8)/((-3)/(-88))?
2, 7, 11
Let u = -18 - -274. Suppose u = 2*d - 22. List the prime factors of d.
139
Suppose 1347 = 3*j + 298*q - 300*q, 449 = j + 4*q. List the prime factors of j.
449
Let c(n) = -3*n**2 + 18*n + 23. Let k(p) = -3*p**2 + 17*p + 24. Let h(y) = 3*c(y) - 4*k(y). What are the prime factors of h(9)?
2, 3, 5
Suppose -12996 = -2*w - 3*n, -13*w - 3*n - 25974 = -17*w. List the prime factors of w.
3, 5, 433
Let n(c) = -10*c**3 + 5*c**2 - 172*c - 838. What are the prime factors of n(-5)?
11, 127
Suppose 0 = -4*n + 3*j - 888 + 6443, 5*n + j = 6939. What are the prime factors of n?
2, 347
Let k(n) = 593*n**3 - 3*n**2 - n - 55. List the prime factors of k(5).
2, 5, 7, 151
Suppose -13*q - 9427 - 4379 = 0. Let t = q + 2755. List the prime factors of t.
1693
Let v(m) = m + 22. Let u(x) = 4*x - 31. Let h be u(9). Let j be v(h). Suppose t - j = 41. List the prime factors of t.
2, 17
Let g(v) = 75*v**3 + 3*v**2 - 115*v + 732. List the prime factors of g(7).
25799
Let j(a) = -6*a**3 - a**2 - a. Suppose 14 - 5 = 3*b. Suppose -3 = -b*l - 9. What are the prime factors of j(l)?
2, 23
Let t(z) = 257*z**2 + 22*z + 79. What are the prime factors of t(-14)?
41, 1223
Let n = 23 + -21. Suppose r - 11 = n. Suppose r*t = 9*t + 320. List the prime factors of t.
2, 5
What are the prime factors of (-3787)/((-1)/28*3 - 4/28)?
2, 7, 541
Suppose -5*v + 6 = -2*v. Suppose -f + v*i + 162 = 0, 5*f - 3*i - i = 822. What are the prime factors of f?
2, 83
List the prime factors of 1 - (84/49*-6928 - 3/7).
2, 5939
Suppose q = 5*u - 3*q - 225, -4*q - 61 = -u. Let y = u - 2. List the prime factors of y.
3, 13
Suppose 2 + 14 = 4*y. Suppose -14*c = -16*c + y. Suppose 2*t - 3 = 3*m, -5*t + 23 = c*m - 13. List the prime factors of t.
2, 3
Let o be 132/33 + 637/(-1). Let p = 1309 + o. List the prime factors of p.
2, 13
Let s(g) = -g**3 + 13*g*